139. What is the remainder when l(97) is divided by (6 - 1)*(5 - 0)?
24
Let v(y) = -y**2 - 10*y + 7. Let w be v(-5). Suppose -w = 3*j - 4*h - 135, 3*h = 4*j - 149. What is the remainder when j is divided by 16 - 6/(-3 + 6)?
13
What is the remainder when (474 - 4) + 0 + 3 - 2 is divided by 14?
9
Let m = -17 + 74. Suppose b + 79 = -15*o + 17*o, 0 = -2*b - 10. What is the remainder when 20/8*(m - -1) is divided by o?
34
Let s(i) = 2*i**2 + 161*i - 216. Calculate the remainder when 1495 is divided by s(-82).
25
Let z(n) = -9*n - 43. Let r be z(-5). Suppose 6 = h + a - 35, 5*h - 212 = r*a. What is the remainder when h is divided by (-2)/(-7) + 244/28?
6
Suppose 0 = 2*l + 4*g - g - 832, -4*g + 16 = 0. Suppose 3*u - l - 73 = 0. What is the remainder when u is divided by 33?
29
Let m = 5844 + -5840. Let j = -12 + 6. Let b = j + 11. Calculate the remainder when b is divided by m.
1
Suppose z - k + 12 = 4*z, 4*k = 2*z - 22. Let n(v) = 4*v**2 - 11*v - 14. Calculate the remainder when n(-2) is divided by z.
4
Suppose 0 = 11*q - 13*q + 12. Suppose 2*p = q*p - 24. Suppose -y + 35 = 3*f, -f + 2 = 4*y - 17. Calculate the remainder when f is divided by p.
5
Suppose -17*v = 5*v - 154. Suppose 0 = 8*a - 89 - 39. Calculate the remainder when a is divided by v.
2
Suppose 302 = 102*t - 1280 + 154. Let d(v) = 4*v + 1 - v - v**2 + 4*v**2 + 2. What is the remainder when d(-4) is divided by t?
11
Suppose 0 = -2*m + 10 + 16. Suppose 301 = 3*w + 4*w. What is the remainder when w is divided by m?
4
Let i = -1100 - -1121. Let q be 488/7 + (-4)/(-14). Suppose 5*z - 2*u - q = -0*z, -4*z + u = -59. What is the remainder when i is divided by z?
5
Suppose -27*f - 23 = 112. Let y(l) = 26*l**2 - 8*l - 61. What is the remainder when y(f) is divided by 30?
29
Calculate the remainder when 37398/138 + (6 - 0 - (-5 - -8)) is divided by 94.
86
Suppose 2361 + 982 = 3*r - 2*l, 2*r - 4*l - 2234 = 0. What is the remainder when r is divided by 1102?
11
Suppose 4*u - 4*g - 5 = 11, -2*g + 6 = 0. Let q(m) = -1 - 5*m + 1 + m**2 - 1. Calculate the remainder when 22 is divided by q(u).
9
Let n(w) be the first derivative of 4*w**3/3 - w**2/2 - 3*w + 3. Calculate the remainder when 5 is divided by n(-1).
1
Let v be 2*6*1/3. Suppose 0 = -v*o + 4, -2*f + 3*f - 3*o - 5 = 0. Suppose f*s = -3*s + 187. Calculate the remainder when 48 is divided by s.
14
Let b = -13457 + 13983. What is the remainder when b is divided by 5?
1
Suppose 5*b - 54 = -3*m, -m + 54 = 2*m + 3*b. Let i = 82 + -38. Let n = i - m. What is the remainder when n is divided by 7?
5
Calculate the remainder when 8451 + (-3 - 16) + 7 is divided by 23.
21
Let q be 16/3*9/(-60)*-5. Suppose 192 = q*v + 2*n, 4*v - n + 0*n - 180 = 0. What is the remainder when v is divided by 19?
8
Suppose 0 = n + h - 67, 2*h + 96 = -4*n + 356. Let s(m) = 5*m**2 + 12*m + 15. What is the remainder when s(-9) is divided by n?
60
What is the remainder when 499 is divided by (7 + -16)/63 + 1962/14?
79
Let m = 213 + -151. Let z = 116 - m. What is the remainder when z is divided by 15 - 10/(-10)*-4?
10
What is the remainder when 8639 is divided by (2 - -103) + 645/(-43)?
89
Let i(n) = -n**3 - 7*n**2 - 8*n - 1. Calculate the remainder when ((-22720)/240)/((-2)/6*(1 - -1)) is divided by i(-6).
10
Let t = 1086 - -6389. Calculate the remainder when t is divided by 9.
5
Suppose -13*w + 13964 = 13626. Suppose -372 = -4*b + 5*d, -5*b - 4*d + 3*d + 494 = 0. Calculate the remainder when b is divided by w.
20
Let h = -10 - -15. Let t(n) = 26*n + 24. Let l be t(-6). Let k = l - -145. Calculate the remainder when k is divided by h.
3
Suppose 4*i + 4*v = -18 - 2, -1 = 5*i - 3*v. Calculate the remainder when 14 is divided by -6 + i + -3 + 17.
2
Suppose 4*a - a + 6 = 0, 0 = s + a. Suppose 17*u = 270 + s. What is the remainder when 60 is divided by u?
12
Let o(u) = 3*u**2 - 5*u - 11. Suppose a = 2*t - 11, 5*t - 7 - 8 = 0. Calculate the remainder when o(a) is divided by 18.
17
Let u be -1 - ((-24)/18)/((-6)/9). Calculate the remainder when 119 is divided by (4 + 34/u)/(2/(-6)).
9
Let x(b) = -b**3 + 6*b**2 - 2*b - 6. Let w(j) = j**2 - 33*j + 59. Let v be w(34). Suppose 95*t = v*t + 28. Calculate the remainder when t is divided by x(5).
5
Suppose 3*v - 4 - 7 = 145. Calculate the remainder when 291 is divided by v.
31
Let d be 15/(-2)*(-40)/(-50). Let x be -2*d/4 + -3. Suppose x = -n - 1, n + 2 + 1 = v. Calculate the remainder when v is divided by 1.
0
Let v = -1 + 8. Let x(b) = 314*b + 331*b + 2 - 2 - 644*b - 2. What is the remainder when 67 is divided by x(v)?
2
Suppose -4*s - 2*o + 134 = 0, 7*s = 11*s + 5*o - 119. Calculate the remainder when 156 is divided by s.
12
Suppose 0 = -5*g - 2*b + 62, -g - 2*g = 4*b - 26. Suppose 2*z - g*s - 99 = -19*s, 3*z - 146 = -5*s. What is the remainder when z is divided by 14?
5
Let g = -13 - -23. Suppose -2*q + 40 = 2*q. Calculate the remainder when ((-72)/(-10))/(q/50) is divided by g.
6
Let v be (12/8)/(4/(-504)). Let d = -170 - v. What is the remainder when 189 is divided by d?
18
Suppose -5*o = 5*y - 70, -54 - 44 = -3*o + 5*y. Calculate the remainder when 1656 is divided by o.
18
Let w = -30 - -32. Suppose 0 = -2*x + w + 2, 5*a - 5*x - 680 = 0. Suppose 4*y + 156 = 5*l, l = -4*l - 5*y + 120. What is the remainder when a is divided by l?
26
What is the remainder when 1151 is divided by (1141 - 1136) + (-1 - -188 - 2)?
11
Suppose 1 = -4*w + 13. Let d = -1062 - -1265. What is the remainder when d is divided by (36 - 2)/(6/w)?
16
Suppose 0 = 15*j - 55 - 20. Suppose 4*n = 20, 3*x - j*x - n = -11. What is the remainder when 4 is divided by x?
1
Suppose l + 511 = 4*d - 228, -25 = -5*l. Suppose 5*q - d = 284. Let a = -784 + 800. Calculate the remainder when q is divided by a.
14
Suppose i - 4*v - 1 = 0, 10*i - 12*i - 37 = 5*v. Let n(y) = -y + 23. What is the remainder when n(i) is divided by 7?
6
Suppose 30*b = 31*b + 4, v + 5*b - 385 = 0. What is the remainder when v is divided by 71?
50
Suppose -2*c + 28*i = 27*i - 501, 0 = c - 5*i - 219. What is the remainder when 1028 is divided by c?
12
Suppose i - 4*h = -384 + 392, -13 = -i - h. What is the remainder when 55 is divided by i?
7
Calculate the remainder when 869 is divided by (-3270)/(-60)*(-9 - -11).
106
Let r = 289 + -212. Suppose 25*z = r + 873. Calculate the remainder when 66 is divided by z.
28
Suppose 104*x - 5*p = 101*x + 1180, 19*x + 4*p = 7295. What is the remainder when x is divided by 164?
57
Suppose -2*l + 8 = j, 5*j + 3*l = 5*l + 28. Suppose 4*y + 131 = a, y + 130 = 2*a - 181. Calculate the remainder when a is divided by j.
3
Suppose -251*w + 1382769 = 165670. Calculate the remainder when w is divided by 23.
19
Suppose -4*g = -3*y - 1208, g - 308 + 28 = -2*y. What is the remainder when g is divided by 46?
20
Suppose -10*t + 659 = -431. Suppose 70 = 2*v - 102. Suppose v = 3*y - 25. Calculate the remainder when t is divided by y.
35
Let d(y) = y**3 - 11*y**2 + 33*y. Let f = 63 + -53. Let s be d(f). Suppose 3*k + s = 8*k. Calculate the remainder when k is divided by 12.
10
Let z(y) = y**3 - 7*y**2 + 6*y - 3. Suppose 5*h - 6*g - 312 = -9*g, -g = -4. Let o = h + -54. Calculate the remainder when z(7) is divided by o.
3
Let l(a) = -7*a - 1. Let k be l(-1). Suppose -k*f = -f - 110. Let s = 3311 - 3227. What is the remainder when s is divided by f?
18
Suppose 3*v - 435 = 2*n, 0 = 2*n - 3*v + 5*v + 430. Let b = n + 251. Calculate the remainder when b is divided by 4.
3
Suppose 0 = 4*g - 7*g + 108. Calculate the remainder when 91 is divided by (g - 3) + -2 + 0.
29
Let d(c) be the first derivative of -1/3*c**3 + 3 + 19/2*c**2 - 34*c. Calculate the remainder when 83 is divided by d(16).
13
Let y be (-8)/18 - 150865/(-117). Let z = -1231 + y. What is the remainder when (2 - 1)/((-1)/(-115)) is divided by z?
57
Suppose -18 = -d + 7. Let q = 232617 - 232554. What is the remainder when q is divided by d?
13
Suppose 4*g - 5*q + 3*q = -5240, 3*q = 0. Let m = -1283 - g. Let x = 229 - 149. Calculate the remainder when x is divided by m.
26
Let f = 22 - 9. Let m = -1391 + 1399. Calculate the remainder when f is divided by m.
5
Let x(b) = 10*b**2 - 463*b - 1844. Calculate the remainder when x(-4) is divided by 65.
38
Calculate the remainder when (1 + 1)*618/4 is divided by (2424 - 2478)/((-6)/7).
57
Suppos